tor of 12 and 7388?
4
Calculate the greatest common divisor of 1380 and 250700.
460
Calculate the highest common divisor of 781 and 10295.
71
Calculate the highest common factor of 129 and 43387.
43
What is the greatest common factor of 72698 and 2934?
326
Calculate the greatest common divisor of 3699 and 1370.
137
Calculate the highest common factor of 22217 and 377.
13
Calculate the greatest common factor of 6634 and 16264.
214
Calculate the highest common factor of 749049 and 5724.
159
What is the highest common divisor of 8 and 115904?
8
Calculate the greatest common factor of 155 and 4681.
31
What is the greatest common factor of 1633 and 61?
1
Calculate the highest common divisor of 32 and 514.
2
What is the greatest common factor of 486 and 3746331?
243
Calculate the greatest common divisor of 401557 and 17.
17
Calculate the greatest common factor of 1969 and 14141.
179
Calculate the highest common factor of 253 and 38137.
11
Calculate the highest common divisor of 17528 and 2716.
28
What is the highest common divisor of 102 and 8262?
102
What is the highest common divisor of 711 and 140857?
79
What is the greatest common divisor of 9805 and 77515?
185
What is the greatest common divisor of 116 and 217442?
58
What is the highest common divisor of 21667 and 7376?
461
Calculate the greatest common divisor of 91186 and 9693.
359
What is the greatest common factor of 252 and 350226?
18
What is the highest common divisor of 928 and 50?
2
Calculate the highest common factor of 16465 and 11285.
185
Calculate the greatest common divisor of 1093624 and 531.
59
What is the highest common divisor of 8144 and 784?
16
Calculate the greatest common factor of 754 and 17706.
26
What is the greatest common factor of 93 and 775?
31
Calculate the greatest common factor of 1609906 and 232.
58
Calculate the highest common factor of 1266495 and 690.
345
Calculate the highest common divisor of 196587 and 7776.
243
Calculate the highest common factor of 435 and 83607.
87
What is the highest common divisor of 13 and 404027?
13
What is the highest common factor of 805 and 41377?
161
What is the highest common divisor of 534835 and 70?
35
Calculate the greatest common divisor of 44423 and 93.
31
Calculate the highest common factor of 129964 and 2.
2
Calculate the greatest common divisor of 15 and 74001.
3
What is the highest common factor of 460 and 86388?
92
Calculate the greatest common divisor of 12389 and 143.
13
Calculate the greatest common factor of 2451 and 15276.
57
Calculate the greatest common factor of 1089 and 6354.
9
What is the highest common divisor of 558 and 2122074?
558
Calculate the highest common factor of 4259866 and 39.
13
What is the greatest common factor of 17753 and 246?
41
Calculate the greatest common divisor of 1615 and 12495.
85
What is the greatest common divisor of 46961 and 311?
311
Calculate the highest common factor of 161140 and 140.
140
What is the greatest common divisor of 54130 and 10?
10
What is the highest common factor of 180 and 316380?
60
What is the greatest common divisor of 1091215 and 123?
41
What is the highest common factor of 33 and 75559?
11
Calculate the greatest common factor of 1326 and 34034.
442
Calculate the greatest common factor of 59938 and 742710.
2606
What is the greatest common factor of 6432 and 105592?
536
What is the highest common divisor of 4 and 787256?
4
What is the highest common factor of 1363680 and 64?
32
What is the highest common divisor of 6120 and 480?
120
What is the greatest common divisor of 135 and 16635?
15
Calculate the highest common factor of 75006 and 1350.
54
What is the highest common divisor of 15457 and 2419?
41
Calculate the highest common divisor of 288 and 153028.
4
Calculate the highest common divisor of 8 and 2380288.
8
What is the greatest common divisor of 660502 and 262?
262
What is the highest common divisor of 5 and 1735495?
5
Calculate the greatest common factor of 148408 and 169.
13
What is the greatest common factor of 7 and 227948?
7
What is the highest common divisor of 2886 and 2598843?
1443
What is the highest common divisor of 28133 and 112?
7
What is the highest common divisor of 940 and 90945?
235
What is the greatest common factor of 86 and 3698?
86
What is the highest common factor of 1782080 and 960?
320
What is the highest common factor of 238017 and 153?
51
What is the highest common factor of 175 and 44765?
35
Calculate the highest common factor of 1618 and 926.
2
What is the greatest common factor of 272 and 11120?
16
What is the greatest common divisor of 3920 and 88?
8
What is the highest common divisor of 217525 and 175?
175
Calculate the highest common divisor of 21115 and 287.
41
What is the greatest common divisor of 27 and 45963?
9
Calculate the greatest common divisor of 1989015 and 399.
399
What is the highest common factor of 60 and 213980?
20
What is the highest common divisor of 203290 and 58?
58
What is the highest common divisor of 844290 and 4248?
1062
Calculate the highest common factor of 2586 and 12.
6
What is the highest common factor of 843150 and 600?
150
What is the greatest common divisor of 1915 and 13788?
383
Calculate the highest common divisor of 5832 and 672.
24
What is the highest common factor of 28 and 31896116?
28
What is the highest common divisor of 152 and 229748?
76
What is the greatest common factor of 42768 and 115668?
972
Calculate the greatest common factor of 18468 and 1188.
108
Calculate the highest common factor of 2544 and 648.
24
What is the greatest common divisor of 165 and 2695?
55
Calculate the highest common factor of 690 and 76710.
30
Calculate the greatest common factor of 71492 and 1708.
244
What is the highest common divisor of 2400 and 32100?
300
What is the highest common factor of 5359 and 1012?
23
What is the highest common factor of 301413 and 7161?
651
Calculate the highest common factor of 6642 and 3690.
738
Calculate the greatest common factor of 36329 and 34.
17
Calculate the highest common factor of 540 and 10440.
180
What is the highest common divisor of 5571 and 36?
9
What is the greatest common factor of 29 and 19178309?
29
What is the greatest common divisor of 259204 and 473?
473
What is the greatest common divisor of 435712 and 1104?
368
What is the highest common factor of 358856 and 434?
62
What is the highest common factor of 245 and 887439?
49
What is the highest common divisor of 17 and 6508909?
17
Calculate the greatest common divisor of 32 and 1335872.
32
What is the highest common divisor of 1175 and 800?
25
What is the greatest common factor of 67809 and 21?
21
What is the greatest common divisor of 79329 and 744?
93
What is the highest common divisor of 19380 and 2805?
255
What is the greatest common divisor of 26840 and 10?
10
What is the greatest common factor of 2720 and 276760?
680
What is the highest common factor of 60 and 166510?
10
Calculate the highest common divisor of 2670 and 27501.
267
Calculate the highest common factor of 3587 and 166268.
211
What is the greatest common factor of 2930 and 103429?
293
What is the highest common factor of 27610 and 44?
22
What is the highest common divisor of 93184 and 91?
91
Calculate the greatest common divisor of 88804 and 109068.
596
Calculate the greatest common factor of 9576 and 1044.
36
What is the greatest common divisor of 134 and 2278?
134
What is the highest common divisor of 20085 and 1957?
103
What is the highest common factor of 90622 and 28?
14
What is the greatest common divisor of 2590 and 2110?
10
What is the highest common divisor of 138379 and 71?
71
What is the greatest common divisor of 396 and 43659?
99
Calculate the highest common divisor of 1718 and 784.
2
What is the highest common factor of 2436 and 3486?
42
What is the highest common factor of 324 and 670788?
108
What is the highest common divisor of 160 and 465680?
80
Calculate the greatest common factor of 10 and 728965.
5
Calculate the highest common factor of 4976450 and 150.
50
What is the highest common divisor of 389 and 107753?
389
Calculate the greatest common factor of 213142 and 38.
38
Calculate the highest common divisor of 5827533 and 69.
69
Calculate the greatest common factor of 312662 and 322.
322
Calculate the highest c